{"version":"1.0","provider_name":"Mosolycsal\u00f3ka","provider_url":"https:\/\/mosolycsaloka.cafeblog.hu","author_name":"Mosolycsal\u00f3k","author_url":"https:\/\/mosolycsaloka.cafeblog.hu\/author\/mosolycsalok\/","title":"Egy kis seg\u00edts\u00e9g :)","html":"<span id=\"fbPhotoSnowliftCaption\" class=\"fbPhotosPhotoCaption\"><span class=\"hasCaption\"><a href=\"https:\/\/mosolycsaloka.cafeblog.hu\/files\/2014\/05\/10408806_762228560476323_3857594902598190836_n.jpg\"><img class=\"aligncenter size-medium wp-image-162\" src=\"https:\/\/mosolycsaloka.cafeblog.hu\/files\/2014\/05\/10408806_762228560476323_3857594902598190836_n-300x244.jpg\" alt=\"sziv\u00e1rv\u00e1ny\" width=\"300\" height=\"244\" \/><\/a><\/span><\/span>\r\n\r\n<span id=\"fbPhotoSnowliftCaption\" class=\"fbPhotosPhotoCaption\"><span class=\"hasCaption\">\r\nA Sziv\u00e1rv\u00e1nyorsz\u00e1g Napk\u00f6ziotthon \u00fajra v\u00e1rja olyan fogyat\u00e9koss\u00e1ggal \u00e9l\u0151 gyermeket nevel\u0151 sz\u00fcl\u0151k jelentkez\u00e9s\u00e9t, akik egy csal\u00e1dias hangulat\u00fa, j\u00f3l felszerelt, hozz\u00e1\u00e9rt\u0151 szakemberekkel ell\u00e1tott napk\u00f6zi otthont keresnek.\r\n\r\nB\u0151vebb inform\u00e1ci\u00f3k fel\u0151l \u00e9rdekl\u0151dni Farkasn\u00e9 G\u00f6nczi Rit\u00e1n\u00e1l lehet, az al\u00e1bbi e-mail c\u00edmen!\r\n\r\n&lt;&lt;&lt;&lt;&lt; gonczi.rita@efoesz.hu &gt;&gt;&gt;&gt;&gt;<\/span><\/span>","type":"rich"}

Mosolycsalóka

Mosolycsalók

Egy kis segítség :)

<span id="fbPhotoSnowliftCaption" class="fbPhotosPhotoCaption"><span class="hasCaption"><a href="https://mosolycsaloka.cafeblog.hu/files/2014/05/10408806_762228560476323_3857594902598190836_n.jpg"><img class="aligncenter size-medium wp-image-162" src="https://mosolycsaloka.cafeblog.hu/files/2014/05/10408806_762228560476323_3857594902598190836_n-300x244.jpg" alt="szivárvány" width="300" height="244" /></a></span></span>

<span id="fbPhotoSnowliftCaption" class="fbPhotosPhotoCaption"><span class="hasCaption">
A Szivárványország Napköziotthon újra várja olyan fogyatékossággal élő gyermeket nevelő szülők jelentkezését, akik egy családias hangulatú, jól felszerelt, hozzáértő szakemberekkel ellátott napközi otthont keresnek.

Bővebb információk felől érdeklődni Farkasné Gönczi Ritánál lehet, az alábbi e-mail címen!

&lt;&lt;&lt;&lt;&lt; gonczi.rita@efoesz.hu &gt;&gt;&gt;&gt;&gt;</span></span>
